9
List the prime factors of 389466.
2, 3, 7, 11, 281
What are the prime factors of 176390?
2, 5, 31, 569
What are the prime factors of 831575?
5, 29, 31, 37
What are the prime factors of 4387514?
2, 2193757
List the prime factors of 4825185.
3, 5, 321679
What are the prime factors of 338205?
3, 5, 7, 3221
What are the prime factors of 6163535?
5, 7, 229, 769
What are the prime factors of 1877405?
5, 375481
List the prime factors of 2352392.
2, 7, 17, 353
What are the prime factors of 73336?
2, 89, 103
What are the prime factors of 627805?
5, 241, 521
List the prime factors of 430890.
2, 3, 5, 53, 271
What are the prime factors of 18771138?
2, 3, 653, 1597
What are the prime factors of 3539545?
5, 43, 101, 163
What are the prime factors of 7914980?
2, 5, 395749
What are the prime factors of 1944455?
5, 388891
What are the prime factors of 27976?
2, 13, 269
List the prime factors of 69757.
79, 883
What are the prime factors of 1240271?
1240271
List the prime factors of 7525206.
2, 3, 13, 32159
What are the prime factors of 25505496?
2, 3, 118081
What are the prime factors of 152250?
2, 3, 5, 7, 29
What are the prime factors of 15992?
2, 1999
What are the prime factors of 747806?
2, 373903
What are the prime factors of 343476?
2, 3, 7, 29, 47
What are the prime factors of 4459021?
7, 637003
What are the prime factors of 660426?
2, 3, 13, 8467
What are the prime factors of 1243515?
3, 5, 7, 13, 911
What are the prime factors of 42632893?
137, 311189
List the prime factors of 118847.
17, 6991
List the prime factors of 15858332.
2, 7, 293, 1933
What are the prime factors of 648753?
3, 7, 30893
List the prime factors of 527133.
3, 29, 73, 83
List the prime factors of 367555.
5, 19, 53, 73
What are the prime factors of 122612?
2, 7, 29, 151
What are the prime factors of 377728?
2, 13, 227
What are the prime factors of 6474618?
2, 3, 359701
List the prime factors of 21773.
21773
List the prime factors of 1138234.
2, 569117
List the prime factors of 7440868.
2, 23, 31, 2609
What are the prime factors of 1123346?
2, 7, 80239
What are the prime factors of 8769546?
2, 3, 54133
List the prime factors of 11924884.
2, 2981221
List the prime factors of 5049534.
2, 3, 7, 109, 1103
What are the prime factors of 2323432?
2, 290429
List the prime factors of 6437355.
3, 5, 23, 47, 397
List the prime factors of 20817248.
2, 17, 2251
What are the prime factors of 15170048?
2, 29629
List the prime factors of 422310.
2, 3, 5, 7, 2011
What are the prime factors of 1355571?
3, 7, 21517
List the prime factors of 6067724.
2, 13, 116687
What are the prime factors of 274333?
274333
What are the prime factors of 4221865?
5, 17, 49669
List the prime factors of 435526.
2, 7, 13, 2393
List the prime factors of 663673.
89, 7457
List the prime factors of 11090.
2, 5, 1109
List the prime factors of 189447.
3, 63149
List the prime factors of 153139.
7, 131, 167
What are the prime factors of 13842210?
2, 3, 5, 461407
What are the prime factors of 4477055?
5, 11, 81401
List the prime factors of 375369.
3, 211, 593
What are the prime factors of 7310601?
3, 270763
What are the prime factors of 5301138?
2, 3, 37, 23879
What are the prime factors of 11689?
11689
List the prime factors of 133208.
2, 16651
List the prime factors of 3610167.
3, 11, 31, 3529
What are the prime factors of 137441?
167, 823
List the prime factors of 53680.
2, 5, 11, 61
What are the prime factors of 555772?
2, 7, 23, 863
What are the prime factors of 1455598?
2, 727799
List the prime factors of 165144.
2, 3, 7, 983
List the prime factors of 6003236.
2, 787, 1907
List the prime factors of 39784.
2, 4973
What are the prime factors of 421957?
17, 24821
List the prime factors of 1175942.
2, 587971
What are the prime factors of 101394?
2, 3, 43, 131
What are the prime factors of 450031?
37, 12163
What are the prime factors of 801803?
23, 71, 491
What are the prime factors of 283032?
2, 3, 3931
List the prime factors of 636045.
3, 5, 42403
List the prime factors of 719431.
409, 1759
List the prime factors of 16528295.
5, 7, 73, 6469
List the prime factors of 784408.
2, 71, 1381
What are the prime factors of 10584187?
59, 179393
List the prime factors of 6552575.
5, 262103
List the prime factors of 357505.
5, 127, 563
What are the prime factors of 2031282?
2, 3, 11, 10259
What are the prime factors of 5231896?
2, 43, 67, 227
List the prime factors of 1037353.
31, 109, 307
List the prime factors of 824258.
2, 19, 109, 199
What are the prime factors of 376105?
5, 19, 37, 107
What are the prime factors of 43240?
2, 5, 23, 47
What are the prime factors of 953848?
2, 7, 17033
List the prime factors of 147445.
5, 37, 797
List the prime factors of 72000.
2, 3, 5
List the prime factors of 1146625.
5, 9173
What are the prime factors of 8987831?
2447, 3673
List the prime factors of 709449.
3, 13, 18191
List the prime factors of 1030992.
2, 3, 47, 457
List the prime factors of 233186.
2, 116593
What are the prime factors of 409685?
5, 81937
List the prime factors of 3065552.
2, 7, 101, 271
List the prime factors of 3981482.
2, 521, 3821
List the prime factors of 5932497.
3, 1977499
What are the prime factors of 10219063?
1297, 7879
What are the prime factors of 1467287?
17, 86311
List the prime factors of 326322.
2, 3, 6043
What are the prime factors of 661229?
29, 151
List the prime factors of 14699274.
2, 3, 19, 128941
List the prime factors of 4319960.
2, 5, 107999
What are the prime factors of 3931991?
7, 561713
List the prime factors of 10787733.
3, 11, 108967
What are the prime factors of 148519?
7, 433
List the prime factors of 155137.
155137
List the prime factors of 6803454.
2, 3, 7, 73, 317
List the prime factors of 253124.
2, 63281
What are the prime factors of 6568324?
2, 7, 17, 13799
List the prime factors of 197355.
3, 5, 59, 223
What are the prime factors of 9174839?
9174839
What are the prime factors of 32196829?
7, 883, 5209
List the prime factors of 1492852.
2, 373213
What are the prime factors of 3963922?
2, 107, 18523
List the prime factors of 598193.
598193
List the prime factors of 26009761.
619, 42019
List the prime factors of 270826.
2, 19, 7127
What are the prime factors of 100326?
2, 3, 23, 727
List the prime factors of 924479.
53, 17443
List the prime factors of 1013708.
2, 253427
List the prime factors of 1237301.
13, 95177
What are the prime factors of 7666379?
7, 163, 6719
What are the prime factors of 10643364?
2, 3, 59, 5011
List the prime factors of 969245.
5, 149, 1301
What are the prime factors of 924264?
2, 3, 11, 389
What are the prime factors of 666155?
5, 7, 2719
List the prime factors of 5979138.
2, 3, 11, 17, 73
What are the prime factors of 2373443?
163, 14561
What are the prime factors of 167743?
43, 47, 83
List the prime factors of 40322.
2, 20161
What are the prime factors of 5405702?
2, 43, 239, 263
List the prime factors of 143041.
313, 457
List the prime factors of 4532089.
19, 238531
What are the prime factors of 1624989?
3, 31, 101, 173
List the prime factors of 8007229.
8007229
List the prime factors of 8013404.
2, 7, 137, 2089
What are the prime factors of 6008803?
17, 353459
What are the prime factors of 17620590?
2, 3, 5, 13, 45181
List the prime factors of 323166.
2, 3, 53861
What are the prime factors of 3270155?
5, 7, 233, 401
List the prime factors of 271126.
2, 31, 4373
What are the prime factors of 180914?
2, 17, 313
List the prime factors of 1609301.
1609301
List the prime factors of 5765864.
2, 13, 55441
What are the prime factors of 34624899?
3, 127, 30293
List the prime factors of 11964731.
11964731
What are the prime factors of 475073?
475073
List the prime factors of 680963.
251, 2713
What are the prime factors of 455221?
13, 19, 97
List the prime factors of 5879854.
2, 19, 154733
List the prime factors of 224620.
2, 5, 11, 1021
List the prime factors of 2946151.
13, 17, 13331
List the prime factors of 9330163.
31, 300973
List the prime factors of 4547027.
1123, 4049
What are the prime factors of 270238?
2, 135119
List the prime factors of 2520204.
2, 3, 103, 2039
List the prime factors of 30952182.
2, 3, 193, 26729
List the prime factors of 703764.
2, 3, 113, 173
List the prime factors of 6205812.
2, 3, 517151
List the prime factors of 110580.
2, 3, 5, 19, 97
